{"id":1177,"date":"2022-08-08T12:57:17","date_gmt":"2022-08-08T12:57:17","guid":{"rendered":"https:\/\/reha-andeer.ch\/una-gestione-congiunta\/"},"modified":"2022-11-10T09:33:51","modified_gmt":"2022-11-10T09:33:51","slug":"una-gestione-congiunta","status":"publish","type":"page","link":"https:\/\/reha-andeer.ch\/it\/una-gestione-congiunta\/","title":{"rendered":"Una gestione congiunta"},"content":{"rendered":"<div class=\"wpb-content-wrapper\"><p>[vc_section][vc_row][vc_column][vc_column_text el_class=&#8221;main-title&#8221;]<\/p>\n<h1>Una gestione congiunta<\/h1>\n<p>[\/vc_column_text][vc_column_text el_class=&#8221;main-suBtitle&#8221;]<\/p>\n<h3>Diversi partner sostengono questo standard di qualit\u00e0<\/h3>\n<p>[\/vc_column_text][vc_column_text]La Reha Andeer \u00e8 gestita congiuntamente dall&#8217;Ospedale Cantonale dei Grigioni, dalla Clinica Gut di St. Moritz e Fl\u00e4sch, dall&#8217;Ospedale di Thusis, dall&#8217;Ospedale Regionale Surselva, dal Center da sand\u00e0 Engiadina bassa e dall&#8217;Ospedale dell&#8217;Alta Engadina.[\/vc_column_text][\/vc_column][\/vc_row][\/vc_section][vc_section el_class=&#8221;ein-gemeinsamer_section&#8221;][vc_row][vc_column][vc_row_inner][vc_column_inner][vc_column_text]Una gestione congiunta di:[\/vc_column_text][\/vc_column_inner][\/vc_row_inner][vc_row_inner el_class=&#8221;gemeinsamer-logo_wrapper&#8221;][vc_column_inner el_class=&#8221;gemeinsamer-logo_block&#8221;][vc_single_image image=&#8221;409&#8243; img_size=&#8221;full&#8221; onclick=&#8221;custom_link&#8221; img_link_target=&#8221;_blank&#8221; el_class=&#8221;gemeinsamer-logo&#8221; link=&#8221;https:\/\/www.ksgr.ch\/&#8221;][vc_single_image image=&#8221;408&#8243; img_size=&#8221;full&#8221; onclick=&#8221;custom_link&#8221; img_link_target=&#8221;_blank&#8221; el_class=&#8221;gemeinsamer-logo&#8221; link=&#8221;https:\/\/www.klinik-gut.ch\/&#8221;][vc_single_image image=&#8221;411&#8243; img_size=&#8221;full&#8221; onclick=&#8221;custom_link&#8221; img_link_target=&#8221;_blank&#8221; el_class=&#8221;gemeinsamer-logo&#8221; link=&#8221;https:\/\/www.spitalthusis.ch\/&#8221;][vc_single_image image=&#8221;413&#8243; img_size=&#8221;full&#8221; onclick=&#8221;custom_link&#8221; img_link_target=&#8221;_blank&#8221; el_class=&#8221;gemeinsamer-logo&#8221; link=&#8221;https:\/\/www.spitalilanz.ch\/de\/&#8221;][vc_single_image image=&#8221;412&#8243; img_size=&#8221;full&#8221; onclick=&#8221;custom_link&#8221; img_link_target=&#8221;_blank&#8221; el_class=&#8221;gemeinsamer-logo&#8221; link=&#8221;https:\/\/www.spital-oberengadin.ch\/&#8221;][vc_single_image image=&#8221;410&#8243; img_size=&#8221;full&#8221; onclick=&#8221;custom_link&#8221; img_link_target=&#8221;_blank&#8221; el_class=&#8221;gemeinsamer-logo&#8221; link=&#8221;https:\/\/cseb.ch\/betriebe\/ospidal\/unser-spital\/&#8221;][\/vc_column_inner][\/vc_row_inner][\/vc_column][\/vc_row][\/vc_section]<\/p>\n<\/div>","protected":false},"excerpt":{"rendered":"<p>[vc_section][vc_row][vc_column][vc_column_text el_class=&#8221;main-title&#8221;] Una gestione congiunta [\/vc_column_text][vc_column_text el_class=&#8221;main-suBtitle&#8221;] Diversi partner sostengono questo standard di qualit\u00e0 [\/vc_column_text][vc_column_text]La Reha Andeer \u00e8 gestita congiuntamente dall&#8217;Ospedale Cantonale dei Grigioni, dalla Clinica Gut di St. Moritz e Fl\u00e4sch, dall&#8217;Ospedale di Thusis, dall&#8217;Ospedale Regionale Surselva, dal Center da sand\u00e0 Engiadina bassa e dall&#8217;Ospedale dell&#8217;Alta Engadina.[\/vc_column_text][\/vc_column][\/vc_row][\/vc_section][vc_section el_class=&#8221;ein-gemeinsamer_section&#8221;][vc_row][vc_column][vc_row_inner][vc_column_inner][vc_column_text]Una gestione congiunta di:[\/vc_column_text][\/vc_column_inner][\/vc_row_inner][vc_row_inner el_class=&#8221;gemeinsamer-logo_wrapper&#8221;][vc_column_inner el_class=&#8221;gemeinsamer-logo_block&#8221;][vc_single_image image=&#8221;409&#8243;&hellip; <a class=\"more-link\" href=\"https:\/\/reha-andeer.ch\/it\/una-gestione-congiunta\/\">Continua a leggere <span class=\"screen-reader-text\">Una gestione congiunta<\/span><\/a><\/p>\n","protected":false},"author":1,"featured_media":0,"parent":0,"menu_order":0,"comment_status":"closed","ping_status":"closed","template":"","meta":{"_acf_changed":false,"footnotes":""},"class_list":["post-1177","page","type-page","status-publish","hentry","entry"],"acf":[],"yoast_head":"<!-- This site is optimized with the Yoast SEO plugin v27.3 - https:\/\/yoast.com\/product\/yoast-seo-wordpress\/ -->\n<title>Una gestione congiunta &#8211; Reha Andeer<\/title>\n<meta name=\"description\" content=\"Diversi partner sostengono questo standard di qualit\u00e0.\" \/>\n<meta name=\"robots\" content=\"index, follow, max-snippet:-1, max-image-preview:large, max-video-preview:-1\" \/>\n<link rel=\"canonical\" href=\"https:\/\/reha-andeer.ch\/ein-gemeinsamer-betrieb\/\" \/>\n<meta property=\"og:locale\" content=\"it_IT\" \/>\n<meta property=\"og:type\" content=\"article\" \/>\n<meta property=\"og:title\" content=\"Una gestione congiunta &#8211; Reha Andeer\" \/>\n<meta property=\"og:description\" content=\"Diversi partner sostengono questo standard di qualit\u00e0.\" \/>\n<meta property=\"og:url\" content=\"https:\/\/reha-andeer.ch\/ein-gemeinsamer-betrieb\/\" \/>\n<meta property=\"og:site_name\" content=\"Reha Andeer\" \/>\n<meta property=\"article:modified_time\" content=\"2022-11-10T09:33:51+00:00\" \/>\n<meta name=\"twitter:card\" content=\"summary_large_image\" \/>\n<meta name=\"twitter:label1\" content=\"Tempo di lettura stimato\" \/>\n\t<meta name=\"twitter:data1\" content=\"1 minuto\" \/>\n<script type=\"application\/ld+json\" class=\"yoast-schema-graph\">{\"@context\":\"https:\\\/\\\/schema.org\",\"@graph\":[{\"@type\":\"WebPage\",\"@id\":\"https:\\\/\\\/reha-andeer.ch\\\/ein-gemeinsamer-betrieb\\\/\",\"url\":\"https:\\\/\\\/reha-andeer.ch\\\/ein-gemeinsamer-betrieb\\\/\",\"name\":\"Una gestione congiunta &#8211; Reha Andeer\",\"isPartOf\":{\"@id\":\"https:\\\/\\\/reha-andeer.ch\\\/#website\"},\"datePublished\":\"2022-08-08T12:57:17+00:00\",\"dateModified\":\"2022-11-10T09:33:51+00:00\",\"description\":\"Diversi partner sostengono questo standard di qualit\u00e0.\",\"breadcrumb\":{\"@id\":\"https:\\\/\\\/reha-andeer.ch\\\/ein-gemeinsamer-betrieb\\\/#breadcrumb\"},\"inLanguage\":\"it-IT\",\"potentialAction\":[{\"@type\":\"ReadAction\",\"target\":[\"https:\\\/\\\/reha-andeer.ch\\\/ein-gemeinsamer-betrieb\\\/\"]}]},{\"@type\":\"BreadcrumbList\",\"@id\":\"https:\\\/\\\/reha-andeer.ch\\\/ein-gemeinsamer-betrieb\\\/#breadcrumb\",\"itemListElement\":[{\"@type\":\"ListItem\",\"position\":1,\"name\":\"Startseite\",\"item\":\"https:\\\/\\\/reha-andeer.ch\\\/it\\\/home-it\\\/\"},{\"@type\":\"ListItem\",\"position\":2,\"name\":\"Una gestione congiunta\"}]},{\"@type\":\"WebSite\",\"@id\":\"https:\\\/\\\/reha-andeer.ch\\\/#website\",\"url\":\"https:\\\/\\\/reha-andeer.ch\\\/\",\"name\":\"Reha Andeer\",\"description\":\"\",\"publisher\":{\"@id\":\"https:\\\/\\\/reha-andeer.ch\\\/#organization\"},\"potentialAction\":[{\"@type\":\"SearchAction\",\"target\":{\"@type\":\"EntryPoint\",\"urlTemplate\":\"https:\\\/\\\/reha-andeer.ch\\\/?s={search_term_string}\"},\"query-input\":{\"@type\":\"PropertyValueSpecification\",\"valueRequired\":true,\"valueName\":\"search_term_string\"}}],\"inLanguage\":\"it-IT\"},{\"@type\":\"Organization\",\"@id\":\"https:\\\/\\\/reha-andeer.ch\\\/#organization\",\"name\":\"Reha Andeer\",\"url\":\"https:\\\/\\\/reha-andeer.ch\\\/\",\"logo\":{\"@type\":\"ImageObject\",\"inLanguage\":\"it-IT\",\"@id\":\"https:\\\/\\\/reha-andeer.ch\\\/#\\\/schema\\\/logo\\\/image\\\/\",\"url\":\"https:\\\/\\\/reha-andeer.ch\\\/wp-content\\\/uploads\\\/2022\\\/09\\\/Reha-Andeer_Logo_myck_ohne-Slogan2013.png\",\"contentUrl\":\"https:\\\/\\\/reha-andeer.ch\\\/wp-content\\\/uploads\\\/2022\\\/09\\\/Reha-Andeer_Logo_myck_ohne-Slogan2013.png\",\"width\":7000,\"height\":1153,\"caption\":\"Reha Andeer\"},\"image\":{\"@id\":\"https:\\\/\\\/reha-andeer.ch\\\/#\\\/schema\\\/logo\\\/image\\\/\"}}]}<\/script>\n<!-- \/ Yoast SEO plugin. -->","yoast_head_json":{"title":"Una gestione congiunta &#8211; Reha Andeer","description":"Diversi partner sostengono questo standard di qualit\u00e0.","robots":{"index":"index","follow":"follow","max-snippet":"max-snippet:-1","max-image-preview":"max-image-preview:large","max-video-preview":"max-video-preview:-1"},"canonical":"https:\/\/reha-andeer.ch\/ein-gemeinsamer-betrieb\/","og_locale":"it_IT","og_type":"article","og_title":"Una gestione congiunta &#8211; Reha Andeer","og_description":"Diversi partner sostengono questo standard di qualit\u00e0.","og_url":"https:\/\/reha-andeer.ch\/ein-gemeinsamer-betrieb\/","og_site_name":"Reha Andeer","article_modified_time":"2022-11-10T09:33:51+00:00","twitter_card":"summary_large_image","twitter_misc":{"Tempo di lettura stimato":"1 minuto"},"schema":{"@context":"https:\/\/schema.org","@graph":[{"@type":"WebPage","@id":"https:\/\/reha-andeer.ch\/ein-gemeinsamer-betrieb\/","url":"https:\/\/reha-andeer.ch\/ein-gemeinsamer-betrieb\/","name":"Una gestione congiunta &#8211; Reha Andeer","isPartOf":{"@id":"https:\/\/reha-andeer.ch\/#website"},"datePublished":"2022-08-08T12:57:17+00:00","dateModified":"2022-11-10T09:33:51+00:00","description":"Diversi partner sostengono questo standard di qualit\u00e0.","breadcrumb":{"@id":"https:\/\/reha-andeer.ch\/ein-gemeinsamer-betrieb\/#breadcrumb"},"inLanguage":"it-IT","potentialAction":[{"@type":"ReadAction","target":["https:\/\/reha-andeer.ch\/ein-gemeinsamer-betrieb\/"]}]},{"@type":"BreadcrumbList","@id":"https:\/\/reha-andeer.ch\/ein-gemeinsamer-betrieb\/#breadcrumb","itemListElement":[{"@type":"ListItem","position":1,"name":"Startseite","item":"https:\/\/reha-andeer.ch\/it\/home-it\/"},{"@type":"ListItem","position":2,"name":"Una gestione congiunta"}]},{"@type":"WebSite","@id":"https:\/\/reha-andeer.ch\/#website","url":"https:\/\/reha-andeer.ch\/","name":"Reha Andeer","description":"","publisher":{"@id":"https:\/\/reha-andeer.ch\/#organization"},"potentialAction":[{"@type":"SearchAction","target":{"@type":"EntryPoint","urlTemplate":"https:\/\/reha-andeer.ch\/?s={search_term_string}"},"query-input":{"@type":"PropertyValueSpecification","valueRequired":true,"valueName":"search_term_string"}}],"inLanguage":"it-IT"},{"@type":"Organization","@id":"https:\/\/reha-andeer.ch\/#organization","name":"Reha Andeer","url":"https:\/\/reha-andeer.ch\/","logo":{"@type":"ImageObject","inLanguage":"it-IT","@id":"https:\/\/reha-andeer.ch\/#\/schema\/logo\/image\/","url":"https:\/\/reha-andeer.ch\/wp-content\/uploads\/2022\/09\/Reha-Andeer_Logo_myck_ohne-Slogan2013.png","contentUrl":"https:\/\/reha-andeer.ch\/wp-content\/uploads\/2022\/09\/Reha-Andeer_Logo_myck_ohne-Slogan2013.png","width":7000,"height":1153,"caption":"Reha Andeer"},"image":{"@id":"https:\/\/reha-andeer.ch\/#\/schema\/logo\/image\/"}}]}},"_links":{"self":[{"href":"https:\/\/reha-andeer.ch\/it\/wp-json\/wp\/v2\/pages\/1177","targetHints":{"allow":["GET"]}}],"collection":[{"href":"https:\/\/reha-andeer.ch\/it\/wp-json\/wp\/v2\/pages"}],"about":[{"href":"https:\/\/reha-andeer.ch\/it\/wp-json\/wp\/v2\/types\/page"}],"author":[{"embeddable":true,"href":"https:\/\/reha-andeer.ch\/it\/wp-json\/wp\/v2\/users\/1"}],"replies":[{"embeddable":true,"href":"https:\/\/reha-andeer.ch\/it\/wp-json\/wp\/v2\/comments?post=1177"}],"version-history":[{"count":12,"href":"https:\/\/reha-andeer.ch\/it\/wp-json\/wp\/v2\/pages\/1177\/revisions"}],"predecessor-version":[{"id":1248,"href":"https:\/\/reha-andeer.ch\/it\/wp-json\/wp\/v2\/pages\/1177\/revisions\/1248"}],"wp:attachment":[{"href":"https:\/\/reha-andeer.ch\/it\/wp-json\/wp\/v2\/media?parent=1177"}],"curies":[{"name":"wp","href":"https:\/\/api.w.org\/{rel}","templated":true}]}}

<div class="wpb-content-wrapper"><p>[vc_section][vc_row][vc_column][vc_column_text el_class=&#8221;main-title&#8221;]</p>
<h1>Una gestione congiunta</h1>
<p>[/vc_column_text][vc_column_text el_class=&#8221;main-suBtitle&#8221;]</p>
<h3>Diversi partner sostengono questo standard di qualità</h3>
<p>[/vc_column_text][vc_column_text]La Reha Andeer è gestita congiuntamente dall&#8217;Ospedale Cantonale dei Grigioni, dalla Clinica Gut di St. Moritz e Fläsch, dall&#8217;Ospedale di Thusis, dall&#8217;Ospedale Regionale Surselva, dal Center da sandà Engiadina bassa e dall&#8217;Ospedale dell&#8217;Alta Engadina.[/vc_column_text][/vc_column][/vc_row][/vc_section][vc_section el_class=&#8221;ein-gemeinsamer_section&#8221;][vc_row][vc_column][vc_row_inner][vc_column_inner][vc_column_text]Una gestione congiunta di:[/vc_column_text][/vc_column_inner][/vc_row_inner][vc_row_inner el_class=&#8221;gemeinsamer-logo_wrapper&#8221;][vc_column_inner el_class=&#8221;gemeinsamer-logo_block&#8221;][vc_single_image image=&#8221;409&#8243; img_size=&#8221;full&#8221; onclick=&#8221;custom_link&#8221; img_link_target=&#8221;_blank&#8221; el_class=&#8221;gemeinsamer-logo&#8221; link=&#8221;https://www.ksgr.ch/&#8221;][vc_single_image image=&#8221;408&#8243; img_size=&#8221;full&#8221; onclick=&#8221;custom_link&#8221; img_link_target=&#8221;_blank&#8221; el_class=&#8221;gemeinsamer-logo&#8221; link=&#8221;https://www.klinik-gut.ch/&#8221;][vc_single_image image=&#8221;411&#8243; img_size=&#8221;full&#8221; onclick=&#8221;custom_link&#8221; img_link_target=&#8221;_blank&#8221; el_class=&#8221;gemeinsamer-logo&#8221; link=&#8221;https://www.spitalthusis.ch/&#8221;][vc_single_image image=&#8221;413&#8243; img_size=&#8221;full&#8221; onclick=&#8221;custom_link&#8221; img_link_target=&#8221;_blank&#8221; el_class=&#8221;gemeinsamer-logo&#8221; link=&#8221;https://www.spitalilanz.ch/de/&#8221;][vc_single_image image=&#8221;412&#8243; img_size=&#8221;full&#8221; onclick=&#8221;custom_link&#8221; img_link_target=&#8221;_blank&#8221; el_class=&#8221;gemeinsamer-logo&#8221; link=&#8221;https://www.spital-oberengadin.ch/&#8221;][vc_single_image image=&#8221;410&#8243; img_size=&#8221;full&#8221; onclick=&#8221;custom_link&#8221; img_link_target=&#8221;_blank&#8221; el_class=&#8221;gemeinsamer-logo&#8221; link=&#8221;https://cseb.ch/betriebe/ospidal/unser-spital/&#8221;][/vc_column_inner][/vc_row_inner][/vc_column][/vc_row][/vc_section]</p>
</div>

<p>[vc_section][vc_row][vc_column][vc_column_text el_class=&#8221;main-title&#8221;] Una gestione congiunta [/vc_column_text][vc_column_text el_class=&#8221;main-suBtitle&#8221;] Diversi partner sostengono questo standard di qualità [/vc_column_text][vc_column_text]La Reha Andeer è gestita congiuntamente dall&#8217;Ospedale Cantonale dei Grigioni, dalla Clinica Gut di St. Moritz e Fläsch, dall&#8217;Ospedale di Thusis, dall&#8217;Ospedale Regionale Surselva, dal Center da sandà Engiadina bassa e dall&#8217;Ospedale dell&#8217;Alta Engadina.[/vc_column_text][/vc_column][/vc_row][/vc_section][vc_section el_class=&#8221;ein-gemeinsamer_section&#8221;][vc_row][vc_column][vc_row_inner][vc_column_inner][vc_column_text]Una gestione congiunta di:[/vc_column_text][/vc_column_inner][/vc_row_inner][vc_row_inner el_class=&#8221;gemeinsamer-logo_wrapper&#8221;][vc_column_inner el_class=&#8221;gemeinsamer-logo_block&#8221;][vc_single_image image=&#8221;409&#8243;&hellip; <a class="more-link" href="https://reha-andeer.ch/it/una-gestione-congiunta/">Continua a leggere <span class="screen-reader-text">Una gestione congiunta</span></a></p>

<!-- This site is optimized with the Yoast SEO plugin v27.3 - https://yoast.com/product/yoast-seo-wordpress/ -->
<title>Una gestione congiunta &#8211; Reha Andeer</title>
<meta name="description" content="Diversi partner sostengono questo standard di qualità." />
<meta name="robots" content="index, follow, max-snippet:-1, max-image-preview:large, max-video-preview:-1" />
<link rel="canonical" href="https://reha-andeer.ch/ein-gemeinsamer-betrieb/" />
<meta property="og:locale" content="it_IT" />
<meta property="og:type" content="article" />
<meta property="og:title" content="Una gestione congiunta &#8211; Reha Andeer" />
<meta property="og:description" content="Diversi partner sostengono questo standard di qualità." />
<meta property="og:url" content="https://reha-andeer.ch/ein-gemeinsamer-betrieb/" />
<meta property="og:site_name" content="Reha Andeer" />
<meta property="article:modified_time" content="2022-11-10T09:33:51+00:00" />
<meta name="twitter:card" content="summary_large_image" />
<meta name="twitter:label1" content="Tempo di lettura stimato" />
	<meta name="twitter:data1" content="1 minuto" />
<script type="application/ld+json" class="yoast-schema-graph">{"@context":"https:\/\/schema.org","@graph":[{"@type":"WebPage","@id":"https:\/\/reha-andeer.ch\/ein-gemeinsamer-betrieb\/","url":"https:\/\/reha-andeer.ch\/ein-gemeinsamer-betrieb\/","name":"Una gestione congiunta &#8211; Reha Andeer","isPartOf":{"@id":"https:\/\/reha-andeer.ch\/#website"},"datePublished":"2022-08-08T12:57:17+00:00","dateModified":"2022-11-10T09:33:51+00:00","description":"Diversi partner sostengono questo standard di qualità.","breadcrumb":{"@id":"https:\/\/reha-andeer.ch\/ein-gemeinsamer-betrieb\/#breadcrumb"},"inLanguage":"it-IT","potentialAction":[{"@type":"ReadAction","target":["https:\/\/reha-andeer.ch\/ein-gemeinsamer-betrieb\/"]}]},{"@type":"BreadcrumbList","@id":"https:\/\/reha-andeer.ch\/ein-gemeinsamer-betrieb\/#breadcrumb","itemListElement":[{"@type":"ListItem","position":1,"name":"Startseite","item":"https:\/\/reha-andeer.ch\/it\/home-it\/"},{"@type":"ListItem","position":2,"name":"Una gestione congiunta"}]},{"@type":"WebSite","@id":"https:\/\/reha-andeer.ch\/#website","url":"https:\/\/reha-andeer.ch\/","name":"Reha Andeer","description":"","publisher":{"@id":"https:\/\/reha-andeer.ch\/#organization"},"potentialAction":[{"@type":"SearchAction","target":{"@type":"EntryPoint","urlTemplate":"https:\/\/reha-andeer.ch\/?s={search_term_string}"},"query-input":{"@type":"PropertyValueSpecification","valueRequired":true,"valueName":"search_term_string"}}],"inLanguage":"it-IT"},{"@type":"Organization","@id":"https:\/\/reha-andeer.ch\/#organization","name":"Reha Andeer","url":"https:\/\/reha-andeer.ch\/","logo":{"@type":"ImageObject","inLanguage":"it-IT","@id":"https:\/\/reha-andeer.ch\/#\/schema\/logo\/image\/","url":"https:\/\/reha-andeer.ch\/wp-content\/uploads\/2022\/09\/Reha-Andeer_Logo_myck_ohne-Slogan2013.png","contentUrl":"https:\/\/reha-andeer.ch\/wp-content\/uploads\/2022\/09\/Reha-Andeer_Logo_myck_ohne-Slogan2013.png","width":7000,"height":1153,"caption":"Reha Andeer"},"image":{"@id":"https:\/\/reha-andeer.ch\/#\/schema\/logo\/image\/"}}]}</script>
<!-- / Yoast SEO plugin. -->

Diversi partner sostengono questo standard di qualità.
