{"id":1214,"date":"2022-08-15T13:14:36","date_gmt":"2022-08-15T13:14:36","guid":{"rendered":"https:\/\/reha-andeer.ch\/camere-e-gastronomia\/"},"modified":"2022-11-07T09:01:57","modified_gmt":"2022-11-07T09:01:57","slug":"camere-e-gastronomia","status":"publish","type":"page","link":"https:\/\/reha-andeer.ch\/it\/camere-e-gastronomia\/","title":{"rendered":"Camere e gastronomia"},"content":{"rendered":"<div class=\"wpb-content-wrapper\"><p>[vc_section][vc_row][vc_column][vc_column_text el_class=&#8221;main-title&#8221;]<\/p>\n<h1>Camere e gastronomia<\/h1>\n<p>[\/vc_column_text][vc_column_text el_class=&#8221;main-suBtitle&#8221;]<\/p>\n<h3>Nel centro storico di Andeer<\/h3>\n<p>[\/vc_column_text][\/vc_column][\/vc_row][\/vc_section][vc_section el_class=&#8221;top-img_section&#8221;][vc_row el_class=&#8221;top-img_wrapper&#8221;][vc_column el_class=&#8221;top-img_block&#8221;][vc_single_image image=&#8221;454&#8243; img_size=&#8221;full&#8221; el_class=&#8221;top-image&#8221;][vc_btn title=&#8221;Informazioni&#8221; link=&#8221;url:%23|&#8221; el_class=&#8221;top-img_btn&#8221;][\/vc_column][\/vc_row][\/vc_section][vc_section el_class=&#8221;content-left_padding-section mb_0 scrollTo&#8221;][vc_row][vc_column width=&#8221;1\/2&#8243;][vc_column_text]La Reha Andeer si trova nel centro storico di Andeer. La posizione offre tranquillit\u00e0 e sicurezza. Nella clinica La attendono spaziose sale comuni e di trattamento, nonch\u00e9 confortevoli camere singole. In alcune camere c&#8217;\u00e8 anche spazio sufficiente per gli accompagnatori.[\/vc_column_text][vc_column_text]L&#8217;intera clinica dispone di WLAN gratuito e tutte le camere possono essere dotate di TV e minibar.[\/vc_column_text][\/vc_column][vc_column width=&#8221;1\/2&#8243;][vc_column_text]La cucina della Reha Andeer \u00e8 regionale. A pranzo viene servito un equilibrato menu di 4 portate, mentre la sera vi attende un sano menu di 2 portate. Naturalmente si tiene conto dei desideri e delle esigenze individuali.[\/vc_column_text][\/vc_column][\/vc_row][\/vc_section][vc_section el_class=&#8221;general-impressionen_section mt22&#8243;][vc_row][vc_column][vc_row_inner][vc_column_inner][vc_column_text el_class=&#8221;subtitle-left_line&#8221;]<\/p>\n<h2>Impressioni<\/h2>\n<p>[\/vc_column_text][\/vc_column_inner][\/vc_row_inner][vc_row_inner el_class=&#8221;general-impressionen_wrapper&#8221;][vc_column_inner][vc_masonry_media_grid gap=&#8221;15&#8243; grid_id=&#8221;vc_gid:1663770943368-3ca6b7a7-09fa-2&#8243; include=&#8221;430,432,429,471,458,424,955,461,462,933,452,477&#8243; el_class=&#8221;general-impressionen_grid&#8221;][\/vc_column_inner][\/vc_row_inner][\/vc_column][\/vc_row][\/vc_section]<\/p>\n<\/div>","protected":false},"excerpt":{"rendered":"<p>[vc_section][vc_row][vc_column][vc_column_text el_class=&#8221;main-title&#8221;] Camere e gastronomia [\/vc_column_text][vc_column_text el_class=&#8221;main-suBtitle&#8221;] Nel centro storico di Andeer [\/vc_column_text][\/vc_column][\/vc_row][\/vc_section][vc_section el_class=&#8221;top-img_section&#8221;][vc_row el_class=&#8221;top-img_wrapper&#8221;][vc_column el_class=&#8221;top-img_block&#8221;][vc_single_image image=&#8221;454&#8243; img_size=&#8221;full&#8221; el_class=&#8221;top-image&#8221;][vc_btn title=&#8221;Informazioni&#8221; link=&#8221;url:%23|&#8221; el_class=&#8221;top-img_btn&#8221;][\/vc_column][\/vc_row][\/vc_section][vc_section el_class=&#8221;content-left_padding-section mb_0 scrollTo&#8221;][vc_row][vc_column width=&#8221;1\/2&#8243;][vc_column_text]La Reha Andeer si trova nel centro storico di Andeer. La posizione offre tranquillit\u00e0 e sicurezza. Nella clinica La attendono spaziose sale comuni e di trattamento, nonch\u00e9 confortevoli camere singole.&hellip; <a class=\"more-link\" href=\"https:\/\/reha-andeer.ch\/it\/camere-e-gastronomia\/\">Continua a leggere <span class=\"screen-reader-text\">Camere e gastronomia<\/span><\/a><\/p>\n","protected":false},"author":1,"featured_media":0,"parent":0,"menu_order":0,"comment_status":"closed","ping_status":"closed","template":"","meta":{"_acf_changed":false,"footnotes":""},"class_list":["post-1214","page","type-page","status-publish","hentry","entry"],"acf":[],"yoast_head":"<!-- This site is optimized with the Yoast SEO plugin v27.3 - https:\/\/yoast.com\/product\/yoast-seo-wordpress\/ -->\n<title>Camere e gastronomia &#8211; Reha Andeer<\/title>\n<meta name=\"description\" content=\"Nella clinica La attendono spaziose sale comuni e di trattamento, nonch\u00e9 confortevoli camere singole. In alcune camere c&#039;\u00e8 anche spazio sufficiente per gli accompagnatori.\" \/>\n<meta name=\"robots\" content=\"index, follow, max-snippet:-1, max-image-preview:large, max-video-preview:-1\" \/>\n<link rel=\"canonical\" href=\"https:\/\/reha-andeer.ch\/zimmer-und-gastronomie\/\" \/>\n<meta property=\"og:locale\" content=\"it_IT\" \/>\n<meta property=\"og:type\" content=\"article\" \/>\n<meta property=\"og:title\" content=\"Camere e gastronomia &#8211; Reha Andeer\" \/>\n<meta property=\"og:description\" content=\"Nella clinica La attendono spaziose sale comuni e di trattamento, nonch\u00e9 confortevoli camere singole. In alcune camere c&#039;\u00e8 anche spazio sufficiente per gli accompagnatori.\" \/>\n<meta property=\"og:url\" content=\"https:\/\/reha-andeer.ch\/zimmer-und-gastronomie\/\" \/>\n<meta property=\"og:site_name\" content=\"Reha Andeer\" \/>\n<meta property=\"article:modified_time\" content=\"2022-11-07T09:01:57+00:00\" \/>\n<meta name=\"twitter:card\" content=\"summary_large_image\" \/>\n<meta name=\"twitter:label1\" content=\"Tempo di lettura stimato\" \/>\n\t<meta name=\"twitter:data1\" content=\"1 minuto\" \/>\n<script type=\"application\/ld+json\" class=\"yoast-schema-graph\">{\"@context\":\"https:\\\/\\\/schema.org\",\"@graph\":[{\"@type\":\"WebPage\",\"@id\":\"https:\\\/\\\/reha-andeer.ch\\\/zimmer-und-gastronomie\\\/\",\"url\":\"https:\\\/\\\/reha-andeer.ch\\\/zimmer-und-gastronomie\\\/\",\"name\":\"Camere e gastronomia &#8211; Reha Andeer\",\"isPartOf\":{\"@id\":\"https:\\\/\\\/reha-andeer.ch\\\/#website\"},\"datePublished\":\"2022-08-15T13:14:36+00:00\",\"dateModified\":\"2022-11-07T09:01:57+00:00\",\"description\":\"Nella clinica La attendono spaziose sale comuni e di trattamento, nonch\u00e9 confortevoli camere singole. In alcune camere c'\u00e8 anche spazio sufficiente per gli accompagnatori.\",\"breadcrumb\":{\"@id\":\"https:\\\/\\\/reha-andeer.ch\\\/zimmer-und-gastronomie\\\/#breadcrumb\"},\"inLanguage\":\"it-IT\",\"potentialAction\":[{\"@type\":\"ReadAction\",\"target\":[\"https:\\\/\\\/reha-andeer.ch\\\/zimmer-und-gastronomie\\\/\"]}]},{\"@type\":\"BreadcrumbList\",\"@id\":\"https:\\\/\\\/reha-andeer.ch\\\/zimmer-und-gastronomie\\\/#breadcrumb\",\"itemListElement\":[{\"@type\":\"ListItem\",\"position\":1,\"name\":\"Startseite\",\"item\":\"https:\\\/\\\/reha-andeer.ch\\\/it\\\/home-it\\\/\"},{\"@type\":\"ListItem\",\"position\":2,\"name\":\"Camere e gastronomia\"}]},{\"@type\":\"WebSite\",\"@id\":\"https:\\\/\\\/reha-andeer.ch\\\/#website\",\"url\":\"https:\\\/\\\/reha-andeer.ch\\\/\",\"name\":\"Reha Andeer\",\"description\":\"\",\"publisher\":{\"@id\":\"https:\\\/\\\/reha-andeer.ch\\\/#organization\"},\"potentialAction\":[{\"@type\":\"SearchAction\",\"target\":{\"@type\":\"EntryPoint\",\"urlTemplate\":\"https:\\\/\\\/reha-andeer.ch\\\/?s={search_term_string}\"},\"query-input\":{\"@type\":\"PropertyValueSpecification\",\"valueRequired\":true,\"valueName\":\"search_term_string\"}}],\"inLanguage\":\"it-IT\"},{\"@type\":\"Organization\",\"@id\":\"https:\\\/\\\/reha-andeer.ch\\\/#organization\",\"name\":\"Reha Andeer\",\"url\":\"https:\\\/\\\/reha-andeer.ch\\\/\",\"logo\":{\"@type\":\"ImageObject\",\"inLanguage\":\"it-IT\",\"@id\":\"https:\\\/\\\/reha-andeer.ch\\\/#\\\/schema\\\/logo\\\/image\\\/\",\"url\":\"https:\\\/\\\/reha-andeer.ch\\\/wp-content\\\/uploads\\\/2022\\\/09\\\/Reha-Andeer_Logo_myck_ohne-Slogan2013.png\",\"contentUrl\":\"https:\\\/\\\/reha-andeer.ch\\\/wp-content\\\/uploads\\\/2022\\\/09\\\/Reha-Andeer_Logo_myck_ohne-Slogan2013.png\",\"width\":7000,\"height\":1153,\"caption\":\"Reha Andeer\"},\"image\":{\"@id\":\"https:\\\/\\\/reha-andeer.ch\\\/#\\\/schema\\\/logo\\\/image\\\/\"}}]}<\/script>\n<!-- \/ Yoast SEO plugin. -->","yoast_head_json":{"title":"Camere e gastronomia &#8211; Reha Andeer","description":"Nella clinica La attendono spaziose sale comuni e di trattamento, nonch\u00e9 confortevoli camere singole. In alcune camere c'\u00e8 anche spazio sufficiente per gli accompagnatori.","robots":{"index":"index","follow":"follow","max-snippet":"max-snippet:-1","max-image-preview":"max-image-preview:large","max-video-preview":"max-video-preview:-1"},"canonical":"https:\/\/reha-andeer.ch\/zimmer-und-gastronomie\/","og_locale":"it_IT","og_type":"article","og_title":"Camere e gastronomia &#8211; Reha Andeer","og_description":"Nella clinica La attendono spaziose sale comuni e di trattamento, nonch\u00e9 confortevoli camere singole. In alcune camere c'\u00e8 anche spazio sufficiente per gli accompagnatori.","og_url":"https:\/\/reha-andeer.ch\/zimmer-und-gastronomie\/","og_site_name":"Reha Andeer","article_modified_time":"2022-11-07T09:01:57+00:00","twitter_card":"summary_large_image","twitter_misc":{"Tempo di lettura stimato":"1 minuto"},"schema":{"@context":"https:\/\/schema.org","@graph":[{"@type":"WebPage","@id":"https:\/\/reha-andeer.ch\/zimmer-und-gastronomie\/","url":"https:\/\/reha-andeer.ch\/zimmer-und-gastronomie\/","name":"Camere e gastronomia &#8211; Reha Andeer","isPartOf":{"@id":"https:\/\/reha-andeer.ch\/#website"},"datePublished":"2022-08-15T13:14:36+00:00","dateModified":"2022-11-07T09:01:57+00:00","description":"Nella clinica La attendono spaziose sale comuni e di trattamento, nonch\u00e9 confortevoli camere singole. In alcune camere c'\u00e8 anche spazio sufficiente per gli accompagnatori.","breadcrumb":{"@id":"https:\/\/reha-andeer.ch\/zimmer-und-gastronomie\/#breadcrumb"},"inLanguage":"it-IT","potentialAction":[{"@type":"ReadAction","target":["https:\/\/reha-andeer.ch\/zimmer-und-gastronomie\/"]}]},{"@type":"BreadcrumbList","@id":"https:\/\/reha-andeer.ch\/zimmer-und-gastronomie\/#breadcrumb","itemListElement":[{"@type":"ListItem","position":1,"name":"Startseite","item":"https:\/\/reha-andeer.ch\/it\/home-it\/"},{"@type":"ListItem","position":2,"name":"Camere e gastronomia"}]},{"@type":"WebSite","@id":"https:\/\/reha-andeer.ch\/#website","url":"https:\/\/reha-andeer.ch\/","name":"Reha Andeer","description":"","publisher":{"@id":"https:\/\/reha-andeer.ch\/#organization"},"potentialAction":[{"@type":"SearchAction","target":{"@type":"EntryPoint","urlTemplate":"https:\/\/reha-andeer.ch\/?s={search_term_string}"},"query-input":{"@type":"PropertyValueSpecification","valueRequired":true,"valueName":"search_term_string"}}],"inLanguage":"it-IT"},{"@type":"Organization","@id":"https:\/\/reha-andeer.ch\/#organization","name":"Reha Andeer","url":"https:\/\/reha-andeer.ch\/","logo":{"@type":"ImageObject","inLanguage":"it-IT","@id":"https:\/\/reha-andeer.ch\/#\/schema\/logo\/image\/","url":"https:\/\/reha-andeer.ch\/wp-content\/uploads\/2022\/09\/Reha-Andeer_Logo_myck_ohne-Slogan2013.png","contentUrl":"https:\/\/reha-andeer.ch\/wp-content\/uploads\/2022\/09\/Reha-Andeer_Logo_myck_ohne-Slogan2013.png","width":7000,"height":1153,"caption":"Reha Andeer"},"image":{"@id":"https:\/\/reha-andeer.ch\/#\/schema\/logo\/image\/"}}]}},"_links":{"self":[{"href":"https:\/\/reha-andeer.ch\/it\/wp-json\/wp\/v2\/pages\/1214","targetHints":{"allow":["GET"]}}],"collection":[{"href":"https:\/\/reha-andeer.ch\/it\/wp-json\/wp\/v2\/pages"}],"about":[{"href":"https:\/\/reha-andeer.ch\/it\/wp-json\/wp\/v2\/types\/page"}],"author":[{"embeddable":true,"href":"https:\/\/reha-andeer.ch\/it\/wp-json\/wp\/v2\/users\/1"}],"replies":[{"embeddable":true,"href":"https:\/\/reha-andeer.ch\/it\/wp-json\/wp\/v2\/comments?post=1214"}],"version-history":[{"count":4,"href":"https:\/\/reha-andeer.ch\/it\/wp-json\/wp\/v2\/pages\/1214\/revisions"}],"predecessor-version":[{"id":1218,"href":"https:\/\/reha-andeer.ch\/it\/wp-json\/wp\/v2\/pages\/1214\/revisions\/1218"}],"wp:attachment":[{"href":"https:\/\/reha-andeer.ch\/it\/wp-json\/wp\/v2\/media?parent=1214"}],"curies":[{"name":"wp","href":"https:\/\/api.w.org\/{rel}","templated":true}]}}

<div class="wpb-content-wrapper"><p>[vc_section][vc_row][vc_column][vc_column_text el_class=&#8221;main-title&#8221;]</p>
<h1>Camere e gastronomia</h1>
<p>[/vc_column_text][vc_column_text el_class=&#8221;main-suBtitle&#8221;]</p>
<h3>Nel centro storico di Andeer</h3>
<p>[/vc_column_text][/vc_column][/vc_row][/vc_section][vc_section el_class=&#8221;top-img_section&#8221;][vc_row el_class=&#8221;top-img_wrapper&#8221;][vc_column el_class=&#8221;top-img_block&#8221;][vc_single_image image=&#8221;454&#8243; img_size=&#8221;full&#8221; el_class=&#8221;top-image&#8221;][vc_btn title=&#8221;Informazioni&#8221; link=&#8221;url:%23|&#8221; el_class=&#8221;top-img_btn&#8221;][/vc_column][/vc_row][/vc_section][vc_section el_class=&#8221;content-left_padding-section mb_0 scrollTo&#8221;][vc_row][vc_column width=&#8221;1/2&#8243;][vc_column_text]La Reha Andeer si trova nel centro storico di Andeer. La posizione offre tranquillità e sicurezza. Nella clinica La attendono spaziose sale comuni e di trattamento, nonché confortevoli camere singole. In alcune camere c&#8217;è anche spazio sufficiente per gli accompagnatori.[/vc_column_text][vc_column_text]L&#8217;intera clinica dispone di WLAN gratuito e tutte le camere possono essere dotate di TV e minibar.[/vc_column_text][/vc_column][vc_column width=&#8221;1/2&#8243;][vc_column_text]La cucina della Reha Andeer è regionale. A pranzo viene servito un equilibrato menu di 4 portate, mentre la sera vi attende un sano menu di 2 portate. Naturalmente si tiene conto dei desideri e delle esigenze individuali.[/vc_column_text][/vc_column][/vc_row][/vc_section][vc_section el_class=&#8221;general-impressionen_section mt22&#8243;][vc_row][vc_column][vc_row_inner][vc_column_inner][vc_column_text el_class=&#8221;subtitle-left_line&#8221;]</p>
<h2>Impressioni</h2>
<p>[/vc_column_text][/vc_column_inner][/vc_row_inner][vc_row_inner el_class=&#8221;general-impressionen_wrapper&#8221;][vc_column_inner][vc_masonry_media_grid gap=&#8221;15&#8243; grid_id=&#8221;vc_gid:1663770943368-3ca6b7a7-09fa-2&#8243; include=&#8221;430,432,429,471,458,424,955,461,462,933,452,477&#8243; el_class=&#8221;general-impressionen_grid&#8221;][/vc_column_inner][/vc_row_inner][/vc_column][/vc_row][/vc_section]</p>
</div>

<p>[vc_section][vc_row][vc_column][vc_column_text el_class=&#8221;main-title&#8221;] Camere e gastronomia [/vc_column_text][vc_column_text el_class=&#8221;main-suBtitle&#8221;] Nel centro storico di Andeer [/vc_column_text][/vc_column][/vc_row][/vc_section][vc_section el_class=&#8221;top-img_section&#8221;][vc_row el_class=&#8221;top-img_wrapper&#8221;][vc_column el_class=&#8221;top-img_block&#8221;][vc_single_image image=&#8221;454&#8243; img_size=&#8221;full&#8221; el_class=&#8221;top-image&#8221;][vc_btn title=&#8221;Informazioni&#8221; link=&#8221;url:%23|&#8221; el_class=&#8221;top-img_btn&#8221;][/vc_column][/vc_row][/vc_section][vc_section el_class=&#8221;content-left_padding-section mb_0 scrollTo&#8221;][vc_row][vc_column width=&#8221;1/2&#8243;][vc_column_text]La Reha Andeer si trova nel centro storico di Andeer. La posizione offre tranquillità e sicurezza. Nella clinica La attendono spaziose sale comuni e di trattamento, nonché confortevoli camere singole.&hellip; <a class="more-link" href="https://reha-andeer.ch/it/camere-e-gastronomia/">Continua a leggere <span class="screen-reader-text">Camere e gastronomia</span></a></p>

<!-- This site is optimized with the Yoast SEO plugin v27.3 - https://yoast.com/product/yoast-seo-wordpress/ -->
<title>Camere e gastronomia &#8211; Reha Andeer</title>
<meta name="description" content="Nella clinica La attendono spaziose sale comuni e di trattamento, nonché confortevoli camere singole. In alcune camere c&#039;è anche spazio sufficiente per gli accompagnatori." />
<meta name="robots" content="index, follow, max-snippet:-1, max-image-preview:large, max-video-preview:-1" />
<link rel="canonical" href="https://reha-andeer.ch/zimmer-und-gastronomie/" />
<meta property="og:locale" content="it_IT" />
<meta property="og:type" content="article" />
<meta property="og:title" content="Camere e gastronomia &#8211; Reha Andeer" />
<meta property="og:description" content="Nella clinica La attendono spaziose sale comuni e di trattamento, nonché confortevoli camere singole. In alcune camere c&#039;è anche spazio sufficiente per gli accompagnatori." />
<meta property="og:url" content="https://reha-andeer.ch/zimmer-und-gastronomie/" />
<meta property="og:site_name" content="Reha Andeer" />
<meta property="article:modified_time" content="2022-11-07T09:01:57+00:00" />
<meta name="twitter:card" content="summary_large_image" />
<meta name="twitter:label1" content="Tempo di lettura stimato" />
	<meta name="twitter:data1" content="1 minuto" />
<script type="application/ld+json" class="yoast-schema-graph">{"@context":"https:\/\/schema.org","@graph":[{"@type":"WebPage","@id":"https:\/\/reha-andeer.ch\/zimmer-und-gastronomie\/","url":"https:\/\/reha-andeer.ch\/zimmer-und-gastronomie\/","name":"Camere e gastronomia &#8211; Reha Andeer","isPartOf":{"@id":"https:\/\/reha-andeer.ch\/#website"},"datePublished":"2022-08-15T13:14:36+00:00","dateModified":"2022-11-07T09:01:57+00:00","description":"Nella clinica La attendono spaziose sale comuni e di trattamento, nonché confortevoli camere singole. In alcune camere c'è anche spazio sufficiente per gli accompagnatori.","breadcrumb":{"@id":"https:\/\/reha-andeer.ch\/zimmer-und-gastronomie\/#breadcrumb"},"inLanguage":"it-IT","potentialAction":[{"@type":"ReadAction","target":["https:\/\/reha-andeer.ch\/zimmer-und-gastronomie\/"]}]},{"@type":"BreadcrumbList","@id":"https:\/\/reha-andeer.ch\/zimmer-und-gastronomie\/#breadcrumb","itemListElement":[{"@type":"ListItem","position":1,"name":"Startseite","item":"https:\/\/reha-andeer.ch\/it\/home-it\/"},{"@type":"ListItem","position":2,"name":"Camere e gastronomia"}]},{"@type":"WebSite","@id":"https:\/\/reha-andeer.ch\/#website","url":"https:\/\/reha-andeer.ch\/","name":"Reha Andeer","description":"","publisher":{"@id":"https:\/\/reha-andeer.ch\/#organization"},"potentialAction":[{"@type":"SearchAction","target":{"@type":"EntryPoint","urlTemplate":"https:\/\/reha-andeer.ch\/?s={search_term_string}"},"query-input":{"@type":"PropertyValueSpecification","valueRequired":true,"valueName":"search_term_string"}}],"inLanguage":"it-IT"},{"@type":"Organization","@id":"https:\/\/reha-andeer.ch\/#organization","name":"Reha Andeer","url":"https:\/\/reha-andeer.ch\/","logo":{"@type":"ImageObject","inLanguage":"it-IT","@id":"https:\/\/reha-andeer.ch\/#\/schema\/logo\/image\/","url":"https:\/\/reha-andeer.ch\/wp-content\/uploads\/2022\/09\/Reha-Andeer_Logo_myck_ohne-Slogan2013.png","contentUrl":"https:\/\/reha-andeer.ch\/wp-content\/uploads\/2022\/09\/Reha-Andeer_Logo_myck_ohne-Slogan2013.png","width":7000,"height":1153,"caption":"Reha Andeer"},"image":{"@id":"https:\/\/reha-andeer.ch\/#\/schema\/logo\/image\/"}}]}</script>
<!-- / Yoast SEO plugin. -->

Nella clinica La attendono spaziose sale comuni e di trattamento, nonché confortevoli camere singole. In alcune camere c'è anche spazio sufficiente per gli accompagnatori.
